remainder when 3968 is divided by 95?
73
Calculate the remainder when 34 is divided by 1.
0
What is the remainder when 127 is divided by 65?
62
Calculate the remainder when 362 is divided by 17.
5
Calculate the remainder when 64 is divided by 24.
16
Calculate the remainder when 20923 is divided by 135.
133
Calculate the remainder when 3327 is divided by 57.
21
What is the remainder when 46 is divided by 14?
4
What is the remainder when 1327 is divided by 166?
165
Calculate the remainder when 2928 is divided by 42.
30
What is the remainder when 95 is divided by 28?
11
What is the remainder when 521 is divided by 15?
11
Calculate the remainder when 286 is divided by 58.
54
Calculate the remainder when 286 is divided by 45.
16
What is the remainder when 2935 is divided by 9?
1
Calculate the remainder when 166 is divided by 19.
14
Calculate the remainder when 296 is divided by 27.
26
Calculate the remainder when 97 is divided by 46.
5
What is the remainder when 545 is divided by 61?
57
Calculate the remainder when 105 is divided by 11.
6
Calculate the remainder when 69 is divided by 48.
21
What is the remainder when 251 is divided by 225?
26
Calculate the remainder when 1986 is divided by 990.
6
What is the remainder when 584 is divided by 292?
0
What is the remainder when 352 is divided by 89?
85
Calculate the remainder when 275 is divided by 49.
30
Calculate the remainder when 122 is divided by 56.
10
What is the remainder when 11 is divided by 7?
4
What is the remainder when 32 is divided by 32?
0
What is the remainder when 2793 is divided by 59?
20
Calculate the remainder when 372 is divided by 63.
57
Calculate the remainder when 2883 is divided by 2873.
10
Calculate the remainder when 152 is divided by 17.
16
What is the remainder when 135 is divided by 79?
56
What is the remainder when 407 is divided by 188?
31
Calculate the remainder when 2402 is divided by 9.
8
Calculate the remainder when 417 is divided by 136.
9
What is the remainder when 2149 is divided by 9?
7
What is the remainder when 211 is divided by 92?
27
What is the remainder when 53 is divided by 2?
1
Calculate the remainder when 219 is divided by 14.
9
Calculate the remainder when 131 is divided by 28.
19
Calculate the remainder when 938 is divided by 21.
14
What is the remainder when 351 is divided by 43?
7
Calculate the remainder when 671 is divided by 9.
5
Calculate the remainder when 105 is divided by 8.
1
What is the remainder when 63 is divided by 18?
9
What is the remainder when 3553 is divided by 142?
3
Calculate the remainder when 699 is divided by 54.
51
Calculate the remainder when 124 is divided by 11.
3
What is the remainder when 282 is divided by 16?
10
Calculate the remainder when 755 is divided by 12.
11
Calculate the remainder when 1527 is divided by 242.
75
Calculate the remainder when 580 is divided by 458.
122
What is the remainder when 566 is divided by 6?
2
Calculate the remainder when 514 is divided by 14.
10
What is the remainder when 237 is divided by 35?
27
Calculate the remainder when 977 is divided by 470.
37
What is the remainder when 218 is divided by 54?
2
Calculate the remainder when 48 is divided by 45.
3
Calculate the remainder when 25087 is divided by 65.
62
Calculate the remainder when 71 is divided by 17.
3
Calculate the remainder when 1205 is divided by 121.
116
What is the remainder when 100 is divided by 30?
10
Calculate the remainder when 105 is divided by 18.
15
Calculate the remainder when 163 is divided by 43.
34
Calculate the remainder when 5614 is divided by 48.
46
Calculate the remainder when 17260 is divided by 18.
16
Calculate the remainder when 84 is divided by 42.
0
What is the remainder when 151 is divided by 20?
11
Calculate the remainder when 781 is divided by 14.
11
Calculate the remainder when 48 is divided by 18.
12
Calculate the remainder when 613 is divided by 124.
117
What is the remainder when 354 is divided by 191?
163
Calculate the remainder when 178 is divided by 143.
35
Calculate the remainder when 121 is divided by 31.
28
What is the remainder when 378 is divided by 96?
90
Calculate the remainder when 899 is divided by 22.
19
What is the remainder when 372 is divided by 364?
8
What is the remainder when 1767 is divided by 136?
135
Calculate the remainder when 83 is divided by 30.
23
What is the remainder when 1966 is divided by 103?
9
Calculate the remainder when 85 is divided by 16.
5
What is the remainder when 606 is divided by 7?
4
Calculate the remainder when 2134 is divided by 24.
22
Calculate the remainder when 671 is divided by 56.
55
Calculate the remainder when 962 is divided by 23.
19
Calculate the remainder when 224 is divided by 23.
17
What is the remainder when 2514 is divided by 831?
21
Calculate the remainder when 886 is divided by 31.
18
What is the remainder when 35781 is divided by 284?
281
Calculate the remainder when 29 is divided by 6.
5
What is the remainder when 165 is divided by 54?
3
What is the remainder when 453 is divided by 18?
3
Calculate the remainder when 1282 is divided by 107.
105
Calculate the remainder when 188 is divided by 9.
8
What is the remainder when 47 is divided by 13?
8
What is the remainder when 378 is divided by 54?
0
What is the remainder when 468 is divided by 239?
229
What is the remainder when 136 is divided by 40?
16
What is the remainder when 5641 is divided by 57?
55
Calculate the remainder when 696 is divided by 78.
72
Calculate the remainder when 1791 is divided by 161.
20
Calculate the remainder when 200 is divided by 158.
42
What is the remainder when 19759 is divided by 247?
246
Calculate the remainder when 2822 is divided by 113.
110
What is the remainder when 907 is divided by 57?
52
Calculate the remainder when 39 is divided by 19.
1
What is the remainder when 6677 is divided by 63?
62
Calculate the remainder when 269 is divided by 13.
9
What is the remainder when 150 is divided by 31?
26
Calculate the remainder when 630 is divided by 51.
18
Calculate the remainder when 148 is divided by 39.
31
Calculate the remainder when 122 is divided by 8.
2
What is the remainder when 168 is divided by 58?
52
Calculate the remainder when 96 is divided by 20.
16
Calculate the remainder when 3661 is divided by 608.
13
Calculate the remainder when 1190 is divided by 149.
147
Calculate the remainder when 15010 is divided by 21.
16
What is the remainder when 156 is divided by 5?
1
Calculate the remainder when 1213 is divided by 300.
13
What is the remainder when 892 is divided by 867?
25
What is the remainder when 347 is divided by 16?
11
Calculate the remainder when 237 is divided by 49.
41
Calculate the remainder when 9909 is divided by 56.
53
Calculate the remainder when 82 is divided by 30.
22
What is the remainder when 2037 is divided by 68?
65
What is the remainder when 941 is divided by 9?
5
What is the remainder when 271 is divided by 11?
7
What is the remainder when 1268 is divided by 67?
62
Calculate the remainder when 464 is divided by 120.
104
What is the remainder when 655 is divided by 60?
55
What is the remainder when 26890 is divided by 108?
106
Calculate the remainder when 868 is divided by 63.
49
Calculate the remainder when 686 is divided by 32.
14
Calculate the remainder when 110 is divided by 61.
49
Calculate the remainder when 276 is divided by 44.
12
Calculate the remainder when 165 is divided by 42.
39
What is the remainder when 90 is divided by 12?
6
Calculate the remainder when 106 is divided by 35.
1
Calculate the remainder when 2713 is divided by 144.
121
What is the remainder when 12724 is divided by 7?
5
What is the remainder when 2086 is divided by 2078?
8
Calculate the remainder when 48 is divided by 19.
10
What is the remainder when 1002 is divided by 126?
120
What is the remainder when 1034 is divided by 10?
4
Calculate the remainder when 133 is divided by 74.
59
Calculate the remainder when 287 is divided by 32.
31
Calculate the remainder when 322 is divided by 84.
70
Calculate the remainder when 209 is divided by 71.
67
Calculate the remainder when 100 is divided by 6.
4
What is the remainder when 1164 is divided by 106?
104
Calculate the remainder when 637 is divided by 127.
2
Calculate the remainder when 173 is divided by 25.
